{"id":12088,"date":"2023-05-25T12:00:44","date_gmt":"2023-05-25T16:00:44","guid":{"rendered":"https:\/\/www.downtownworcester.org\/event\/dia-de-los-ninos-dia-de-los-libros-childrens-day-book-day\/"},"modified":"2023-05-25T12:00:44","modified_gmt":"2023-05-25T16:00:44","slug":"dia-de-los-ninos-dia-de-los-libros-childrens-day-book-day","status":"publish","type":"tribe_events","link":"https:\/\/www.downtownworcester.org\/twi\/event\/dia-de-los-ninos-dia-de-los-libros-childrens-day-book-day\/","title":{"rendered":"D\u00eda de los Ni\u00f1os, D\u00eda de los Libros\/ Children\u2019s Day, Book Day"},"content":{"rendered":"<p>Local artist Lucelia de Jesus will lead children and families in a bilingual sing-a-along in celebration of Children&rsquo;s Day, Book Day; which is a nationally recognized celebration of children, bilingualism, and book joy!<\/p>\n<p>Free mini storybooks for participants while supplies last.<\/p>\n<p>Recommended for ages 3-8.<\/p>\n","protected":false},"excerpt":{"rendered":"<p>Local artist Lucelia de Jesus will lead children and families in a bilingual sing-a-along in celebration of Children&rsquo;s Day, Book Day; which is a nationally recognized celebration of children, bilingualism, and book joy! Free mini storybooks for participants while supplies last. Recommended for ages 3-8.<\/p>\n","protected":false},"author":0,"featured_media":12089,"comment_status":"open","ping_status":"open","template":"","meta":{"_acf_changed":false,"_tribe_events_status":"","_tribe_events_status_reason":"","footnotes":""},"tags":[],"tribe_events_cat":[6,18],"class_list":["post-12088","tribe_events","type-tribe_events","status-publish","has-post-thumbnail","hentry","tribe_events_cat-family-friendly","tribe_events_cat-worcester","cat_family-friendly","cat_worcester"],"acf":[],"yoast_head":"<!-- This site is optimized with the Yoast SEO plugin v23.1 - https:\/\/yoast.com\/wordpress\/plugins\/seo\/ -->\n<title>D\u00eda de los Ni\u00f1os, D\u00eda de los Libros\/ Children\u2019s Day, Book Day - Downtown Worcester<\/title>\n<meta name=\"robots\" content=\"index, follow, max-snippet:-1, max-image-preview:large, max-video-preview:-1\" \/>\n<link rel=\"canonical\" href=\"https:\/\/www.downtownworcester.org\/twi\/event\/dia-de-los-ninos-dia-de-los-libros-childrens-day-book-day\/\" \/>\n<meta property=\"og:locale\" content=\"en_US\" \/>\n<meta property=\"og:type\" content=\"article\" \/>\n<meta property=\"og:title\" content=\"D\u00eda de los Ni\u00f1os, D\u00eda de los Libros\/ Children\u2019s Day, Book Day - Downtown Worcester\" \/>\n<meta property=\"og:description\" content=\"Local artist Lucelia de Jesus will lead children and families in a bilingual sing-a-along in celebration of Children&rsquo;s Day, Book Day; which is a nationally recognized celebration of children, bilingualism, and book joy! Free mini storybooks for participants while supplies last. Recommended for ages 3-8.\" \/>\n<meta property=\"og:url\" content=\"https:\/\/www.downtownworcester.org\/twi\/event\/dia-de-los-ninos-dia-de-los-libros-childrens-day-book-day\/\" \/>\n<meta property=\"og:site_name\" content=\"Downtown Worcester\" \/>\n<meta property=\"article:publisher\" content=\"https:\/\/www.facebook.com\/DowntownWorcesterBID\" \/>\n<meta property=\"og:image\" content=\"https:\/\/www.downtownworcester.org\/wp-content\/uploads\/2023\/05\/d-a-de-los-ni-os-d-a-de-los-libros-children-s-day-book-day-bpdthnli.jpg\" \/>\n\t<meta property=\"og:image:width\" content=\"536\" \/>\n\t<meta property=\"og:image:height\" content=\"692\" \/>\n\t<meta property=\"og:image:type\" content=\"image\/jpeg\" \/>\n<meta name=\"twitter:card\" content=\"summary_large_image\" \/>\n<script type=\"application\/ld+json\" class=\"yoast-schema-graph\">{\"@context\":\"https:\/\/schema.org\",\"@graph\":[{\"@type\":\"WebPage\",\"@id\":\"https:\/\/www.downtownworcester.org\/twi\/event\/dia-de-los-ninos-dia-de-los-libros-childrens-day-book-day\/\",\"url\":\"https:\/\/www.downtownworcester.org\/twi\/event\/dia-de-los-ninos-dia-de-los-libros-childrens-day-book-day\/\",\"name\":\"D\u00eda de los Ni\u00f1os, D\u00eda de los Libros\/ Children\u2019s Day, Book Day - Downtown Worcester\",\"isPartOf\":{\"@id\":\"https:\/\/www.downtownworcester.org\/twi\/#website\"},\"primaryImageOfPage\":{\"@id\":\"https:\/\/www.downtownworcester.org\/twi\/event\/dia-de-los-ninos-dia-de-los-libros-childrens-day-book-day\/#primaryimage\"},\"image\":{\"@id\":\"https:\/\/www.downtownworcester.org\/twi\/event\/dia-de-los-ninos-dia-de-los-libros-childrens-day-book-day\/#primaryimage\"},\"thumbnailUrl\":\"https:\/\/www.downtownworcester.org\/wp-content\/uploads\/2023\/05\/d-a-de-los-ni-os-d-a-de-los-libros-children-s-day-book-day-bpdthnli.jpg\",\"datePublished\":\"2023-05-25T16:00:44+00:00\",\"dateModified\":\"2023-05-25T16:00:44+00:00\",\"breadcrumb\":{\"@id\":\"https:\/\/www.downtownworcester.org\/twi\/event\/dia-de-los-ninos-dia-de-los-libros-childrens-day-book-day\/#breadcrumb\"},\"inLanguage\":\"twi\",\"potentialAction\":[{\"@type\":\"ReadAction\",\"target\":[\"https:\/\/www.downtownworcester.org\/twi\/event\/dia-de-los-ninos-dia-de-los-libros-childrens-day-book-day\/\"]}]},{\"@type\":\"ImageObject\",\"inLanguage\":\"twi\",\"@id\":\"https:\/\/www.downtownworcester.org\/twi\/event\/dia-de-los-ninos-dia-de-los-libros-childrens-day-book-day\/#primaryimage\",\"url\":\"https:\/\/www.downtownworcester.org\/wp-content\/uploads\/2023\/05\/d-a-de-los-ni-os-d-a-de-los-libros-children-s-day-book-day-bpdthnli.jpg\",\"contentUrl\":\"https:\/\/www.downtownworcester.org\/wp-content\/uploads\/2023\/05\/d-a-de-los-ni-os-d-a-de-los-libros-children-s-day-book-day-bpdthnli.jpg\",\"width\":536,\"height\":692},{\"@type\":\"BreadcrumbList\",\"@id\":\"https:\/\/www.downtownworcester.org\/twi\/event\/dia-de-los-ninos-dia-de-los-libros-childrens-day-book-day\/#breadcrumb\",\"itemListElement\":[{\"@type\":\"ListItem\",\"position\":1,\"name\":\"Home\",\"item\":\"https:\/\/www.downtownworcester.org\/twi\/\"},{\"@type\":\"ListItem\",\"position\":2,\"name\":\"Events\",\"item\":\"https:\/\/www.downtownworcester.org\/twi\/events\/\"},{\"@type\":\"ListItem\",\"position\":3,\"name\":\"D\u00eda de los Ni\u00f1os, D\u00eda de los Libros\/ Children\u2019s Day, Book Day\"}]},{\"@type\":\"WebSite\",\"@id\":\"https:\/\/www.downtownworcester.org\/twi\/#website\",\"url\":\"https:\/\/www.downtownworcester.org\/twi\/\",\"name\":\"Downtown Worcester\",\"description\":\"Downtown Worcester Business Improvement District | It&#039;s all here!\",\"publisher\":{\"@id\":\"https:\/\/www.downtownworcester.org\/twi\/#organization\"},\"potentialAction\":[{\"@type\":\"SearchAction\",\"target\":{\"@type\":\"EntryPoint\",\"urlTemplate\":\"https:\/\/www.downtownworcester.org\/twi\/?s={search_term_string}\"},\"query-input\":\"required name=search_term_string\"}],\"inLanguage\":\"twi\"},{\"@type\":\"Organization\",\"@id\":\"https:\/\/www.downtownworcester.org\/twi\/#organization\",\"name\":\"Downtown Worcester\",\"url\":\"https:\/\/www.downtownworcester.org\/twi\/\",\"logo\":{\"@type\":\"ImageObject\",\"inLanguage\":\"twi\",\"@id\":\"https:\/\/www.downtownworcester.org\/twi\/#\/schema\/logo\/image\/\",\"url\":\"https:\/\/www.downtownworcester.org\/wp-content\/uploads\/2023\/01\/WorcesterLogos-02.png\",\"contentUrl\":\"https:\/\/www.downtownworcester.org\/wp-content\/uploads\/2023\/01\/WorcesterLogos-02.png\",\"width\":3655,\"height\":877,\"caption\":\"Downtown Worcester\"},\"image\":{\"@id\":\"https:\/\/www.downtownworcester.org\/twi\/#\/schema\/logo\/image\/\"},\"sameAs\":[\"https:\/\/www.facebook.com\/DowntownWorcesterBID\",\"https:\/\/www.instagram.com\/downtownworcesterbid\/\",\"https:\/\/www.linkedin.com\/company\/downtown-worcester-business-improvement-district\/\"]}]}<\/script>\n<!-- \/ Yoast SEO plugin. -->","yoast_head_json":{"title":"D\u00eda de los Ni\u00f1os, D\u00eda de los Libros\/ Children\u2019s Day, Book Day - Downtown Worcester","robots":{"index":"index","follow":"follow","max-snippet":"max-snippet:-1","max-image-preview":"max-image-preview:large","max-video-preview":"max-video-preview:-1"},"canonical":"https:\/\/www.downtownworcester.org\/twi\/event\/dia-de-los-ninos-dia-de-los-libros-childrens-day-book-day\/","og_locale":"en_US","og_type":"article","og_title":"D\u00eda de los Ni\u00f1os, D\u00eda de los Libros\/ Children\u2019s Day, Book Day - Downtown Worcester","og_description":"Local artist Lucelia de Jesus will lead children and families in a bilingual sing-a-along in celebration of Children&rsquo;s Day, Book Day; which is a nationally recognized celebration of children, bilingualism, and book joy! Free mini storybooks for participants while supplies last. Recommended for ages 3-8.","og_url":"https:\/\/www.downtownworcester.org\/twi\/event\/dia-de-los-ninos-dia-de-los-libros-childrens-day-book-day\/","og_site_name":"Downtown Worcester","article_publisher":"https:\/\/www.facebook.com\/DowntownWorcesterBID","og_image":[{"width":536,"height":692,"url":"https:\/\/www.downtownworcester.org\/wp-content\/uploads\/2023\/05\/d-a-de-los-ni-os-d-a-de-los-libros-children-s-day-book-day-bpdthnli.jpg","type":"image\/jpeg"}],"twitter_card":"summary_large_image","schema":{"@context":"https:\/\/schema.org","@graph":[{"@type":"WebPage","@id":"https:\/\/www.downtownworcester.org\/twi\/event\/dia-de-los-ninos-dia-de-los-libros-childrens-day-book-day\/","url":"https:\/\/www.downtownworcester.org\/twi\/event\/dia-de-los-ninos-dia-de-los-libros-childrens-day-book-day\/","name":"D\u00eda de los Ni\u00f1os, D\u00eda de los Libros\/ Children\u2019s Day, Book Day - Downtown Worcester","isPartOf":{"@id":"https:\/\/www.downtownworcester.org\/twi\/#website"},"primaryImageOfPage":{"@id":"https:\/\/www.downtownworcester.org\/twi\/event\/dia-de-los-ninos-dia-de-los-libros-childrens-day-book-day\/#primaryimage"},"image":{"@id":"https:\/\/www.downtownworcester.org\/twi\/event\/dia-de-los-ninos-dia-de-los-libros-childrens-day-book-day\/#primaryimage"},"thumbnailUrl":"https:\/\/www.downtownworcester.org\/wp-content\/uploads\/2023\/05\/d-a-de-los-ni-os-d-a-de-los-libros-children-s-day-book-day-bpdthnli.jpg","datePublished":"2023-05-25T16:00:44+00:00","dateModified":"2023-05-25T16:00:44+00:00","breadcrumb":{"@id":"https:\/\/www.downtownworcester.org\/twi\/event\/dia-de-los-ninos-dia-de-los-libros-childrens-day-book-day\/#breadcrumb"},"inLanguage":"twi","potentialAction":[{"@type":"ReadAction","target":["https:\/\/www.downtownworcester.org\/twi\/event\/dia-de-los-ninos-dia-de-los-libros-childrens-day-book-day\/"]}]},{"@type":"ImageObject","inLanguage":"twi","@id":"https:\/\/www.downtownworcester.org\/twi\/event\/dia-de-los-ninos-dia-de-los-libros-childrens-day-book-day\/#primaryimage","url":"https:\/\/www.downtownworcester.org\/wp-content\/uploads\/2023\/05\/d-a-de-los-ni-os-d-a-de-los-libros-children-s-day-book-day-bpdthnli.jpg","contentUrl":"https:\/\/www.downtownworcester.org\/wp-content\/uploads\/2023\/05\/d-a-de-los-ni-os-d-a-de-los-libros-children-s-day-book-day-bpdthnli.jpg","width":536,"height":692},{"@type":"BreadcrumbList","@id":"https:\/\/www.downtownworcester.org\/twi\/event\/dia-de-los-ninos-dia-de-los-libros-childrens-day-book-day\/#breadcrumb","itemListElement":[{"@type":"ListItem","position":1,"name":"Home","item":"https:\/\/www.downtownworcester.org\/twi\/"},{"@type":"ListItem","position":2,"name":"Events","item":"https:\/\/www.downtownworcester.org\/twi\/events\/"},{"@type":"ListItem","position":3,"name":"D\u00eda de los Ni\u00f1os, D\u00eda de los Libros\/ Children\u2019s Day, Book Day"}]},{"@type":"WebSite","@id":"https:\/\/www.downtownworcester.org\/twi\/#website","url":"https:\/\/www.downtownworcester.org\/twi\/","name":"Downtown Worcester","description":"Downtown Worcester Business Improvement District | It&#039;s all here!","publisher":{"@id":"https:\/\/www.downtownworcester.org\/twi\/#organization"},"potentialAction":[{"@type":"SearchAction","target":{"@type":"EntryPoint","urlTemplate":"https:\/\/www.downtownworcester.org\/twi\/?s={search_term_string}"},"query-input":"required name=search_term_string"}],"inLanguage":"twi"},{"@type":"Organization","@id":"https:\/\/www.downtownworcester.org\/twi\/#organization","name":"Downtown Worcester","url":"https:\/\/www.downtownworcester.org\/twi\/","logo":{"@type":"ImageObject","inLanguage":"twi","@id":"https:\/\/www.downtownworcester.org\/twi\/#\/schema\/logo\/image\/","url":"https:\/\/www.downtownworcester.org\/wp-content\/uploads\/2023\/01\/WorcesterLogos-02.png","contentUrl":"https:\/\/www.downtownworcester.org\/wp-content\/uploads\/2023\/01\/WorcesterLogos-02.png","width":3655,"height":877,"caption":"Downtown Worcester"},"image":{"@id":"https:\/\/www.downtownworcester.org\/twi\/#\/schema\/logo\/image\/"},"sameAs":["https:\/\/www.facebook.com\/DowntownWorcesterBID","https:\/\/www.instagram.com\/downtownworcesterbid\/","https:\/\/www.linkedin.com\/company\/downtown-worcester-business-improvement-district\/"]}]}},"_links":{"self":[{"href":"https:\/\/www.downtownworcester.org\/twi\/wp-json\/wp\/v2\/tribe_events\/12088","targetHints":{"allow":["GET"]}}],"collection":[{"href":"https:\/\/www.downtownworcester.org\/twi\/wp-json\/wp\/v2\/tribe_events"}],"about":[{"href":"https:\/\/www.downtownworcester.org\/twi\/wp-json\/wp\/v2\/types\/tribe_events"}],"replies":[{"embeddable":true,"href":"https:\/\/www.downtownworcester.org\/twi\/wp-json\/wp\/v2\/comments?post=12088"}],"version-history":[{"count":0,"href":"https:\/\/www.downtownworcester.org\/twi\/wp-json\/wp\/v2\/tribe_events\/12088\/revisions"}],"wp:featuredmedia":[{"embeddable":true,"href":"https:\/\/www.downtownworcester.org\/twi\/wp-json\/wp\/v2\/media\/12089"}],"wp:attachment":[{"href":"https:\/\/www.downtownworcester.org\/twi\/wp-json\/wp\/v2\/media?parent=12088"}],"wp:term":[{"taxonomy":"post_tag","embeddable":true,"href":"https:\/\/www.downtownworcester.org\/twi\/wp-json\/wp\/v2\/tags?post=12088"},{"taxonomy":"tribe_events_cat","embeddable":true,"href":"https:\/\/www.downtownworcester.org\/twi\/wp-json\/wp\/v2\/tribe_events_cat?post=12088"}],"curies":[{"name":"wp","href":"https:\/\/api.w.org\/{rel}","templated":true}]}}

Día de los Niños, Día de los Libros/ Children’s Day, Book Day

<!-- This site is optimized with the Yoast SEO plugin v23.1 - https://yoast.com/wordpress/plugins/seo/ -->
<title>Día de los Niños, Día de los Libros/ Children’s Day, Book Day - Downtown Worcester</title>
<meta name="robots" content="index, follow, max-snippet:-1, max-image-preview:large, max-video-preview:-1" />
<link rel="canonical" href="https://www.downtownworcester.org/twi/event/dia-de-los-ninos-dia-de-los-libros-childrens-day-book-day/" />
<meta property="og:locale" content="en_US" />
<meta property="og:type" content="article" />
<meta property="og:title" content="Día de los Niños, Día de los Libros/ Children’s Day, Book Day - Downtown Worcester" />
<meta property="og:description" content="Local artist Lucelia de Jesus will lead children and families in a bilingual sing-a-along in celebration of Children&rsquo;s Day, Book Day; which is a nationally recognized celebration of children, bilingualism, and book joy! Free mini storybooks for participants while supplies last. Recommended for ages 3-8." />
<meta property="og:url" content="https://www.downtownworcester.org/twi/event/dia-de-los-ninos-dia-de-los-libros-childrens-day-book-day/" />
<meta property="og:site_name" content="Downtown Worcester" />
<meta property="article:publisher" content="https://www.facebook.com/DowntownWorcesterBID" />
<meta property="og:image" content="https://www.downtownworcester.org/wp-content/uploads/2023/05/d-a-de-los-ni-os-d-a-de-los-libros-children-s-day-book-day-bpdthnli.jpg" />
	<meta property="og:image:width" content="536" />
	<meta property="og:image:height" content="692" />
	<meta property="og:image:type" content="image/jpeg" />
<meta name="twitter:card" content="summary_large_image" />
<script type="application/ld+json" class="yoast-schema-graph">{"@context":"https://schema.org","@graph":[{"@type":"WebPage","@id":"https://www.downtownworcester.org/twi/event/dia-de-los-ninos-dia-de-los-libros-childrens-day-book-day/","url":"https://www.downtownworcester.org/twi/event/dia-de-los-ninos-dia-de-los-libros-childrens-day-book-day/","name":"Día de los Niños, Día de los Libros/ Children’s Day, Book Day - Downtown Worcester","isPartOf":{"@id":"https://www.downtownworcester.org/twi/#website"},"primaryImageOfPage":{"@id":"https://www.downtownworcester.org/twi/event/dia-de-los-ninos-dia-de-los-libros-childrens-day-book-day/#primaryimage"},"image":{"@id":"https://www.downtownworcester.org/twi/event/dia-de-los-ninos-dia-de-los-libros-childrens-day-book-day/#primaryimage"},"thumbnailUrl":"https://www.downtownworcester.org/wp-content/uploads/2023/05/d-a-de-los-ni-os-d-a-de-los-libros-children-s-day-book-day-bpdthnli.jpg","datePublished":"2023-05-25T16:00:44+00:00","dateModified":"2023-05-25T16:00:44+00:00","breadcrumb":{"@id":"https://www.downtownworcester.org/twi/event/dia-de-los-ninos-dia-de-los-libros-childrens-day-book-day/#breadcrumb"},"inLanguage":"twi","potentialAction":[{"@type":"ReadAction","target":["https://www.downtownworcester.org/twi/event/dia-de-los-ninos-dia-de-los-libros-childrens-day-book-day/"]}]},{"@type":"ImageObject","inLanguage":"twi","@id":"https://www.downtownworcester.org/twi/event/dia-de-los-ninos-dia-de-los-libros-childrens-day-book-day/#primaryimage","url":"https://www.downtownworcester.org/wp-content/uploads/2023/05/d-a-de-los-ni-os-d-a-de-los-libros-children-s-day-book-day-bpdthnli.jpg","contentUrl":"https://www.downtownworcester.org/wp-content/uploads/2023/05/d-a-de-los-ni-os-d-a-de-los-libros-children-s-day-book-day-bpdthnli.jpg","width":536,"height":692},{"@type":"BreadcrumbList","@id":"https://www.downtownworcester.org/twi/event/dia-de-los-ninos-dia-de-los-libros-childrens-day-book-day/#breadcrumb","itemListElement":[{"@type":"ListItem","position":1,"name":"Home","item":"https://www.downtownworcester.org/twi/"},{"@type":"ListItem","position":2,"name":"Events","item":"https://www.downtownworcester.org/twi/events/"},{"@type":"ListItem","position":3,"name":"Día de los Niños, Día de los Libros/ Children’s Day, Book Day"}]},{"@type":"WebSite","@id":"https://www.downtownworcester.org/twi/#website","url":"https://www.downtownworcester.org/twi/","name":"Downtown Worcester","description":"Downtown Worcester Business Improvement District | It&#039;s all here!","publisher":{"@id":"https://www.downtownworcester.org/twi/#organization"},"potentialAction":[{"@type":"SearchAction","target":{"@type":"EntryPoint","urlTemplate":"https://www.downtownworcester.org/twi/?s={search_term_string}"},"query-input":"required name=search_term_string"}],"inLanguage":"twi"},{"@type":"Organization","@id":"https://www.downtownworcester.org/twi/#organization","name":"Downtown Worcester","url":"https://www.downtownworcester.org/twi/","logo":{"@type":"ImageObject","inLanguage":"twi","@id":"https://www.downtownworcester.org/twi/#/schema/logo/image/","url":"https://www.downtownworcester.org/wp-content/uploads/2023/01/WorcesterLogos-02.png","contentUrl":"https://www.downtownworcester.org/wp-content/uploads/2023/01/WorcesterLogos-02.png","width":3655,"height":877,"caption":"Downtown Worcester"},"image":{"@id":"https://www.downtownworcester.org/twi/#/schema/logo/image/"},"sameAs":["https://www.facebook.com/DowntownWorcesterBID","https://www.instagram.com/downtownworcesterbid/","https://www.linkedin.com/company/downtown-worcester-business-improvement-district/"]}]}</script>
<!-- / Yoast SEO plugin. -->

Día de los Niños, Día de los Libros/ Children’s Day, Book Day - Downtown Worcester
